t of (4/3)/(q + (-102)/27)?
6
Let s = 15589 - 8335. What is the thousands digit of s?
7
Suppose 9*p - 277 = 209. Suppose -p*h - 65 = -59*h. What is the tens digit of h?
1
Let q = -515 + 457. Let z = 113 + q. What is the units digit of z?
5
Let v be (-2)/3 + (3/(-9) - -4). Suppose 4*o = -y + 172, 0 = 2*y - 6*y + v*o + 707. What is the units digit of y?
6
Suppose -3*j - 1 - 2 = a, 0 = j + 4*a + 12. Suppose -4*f = -2*f, j = -4*z - 4*f + 572. What is the tens digit of z?
4
Suppose -t + 1689 = 2*f - 149, t - 1841 = -5*f. What is the tens digit of t?
3
Suppose -7*p + 10 = -102. Suppose -p*g + 20*g = 0. Suppose g = -7*i + 438 + 318. What is the hundreds digit of i?
1
Let m = 215 - -1099. What is the thousands digit of m?
1
Let z = 67565 + 8265. What is the thousands digit of z?
5
Let m(s) = -s**3 - 32*s**2 + 939*s + 81. What is the tens digit of m(-55)?
1
Let o be 3*(-2 + (-17)/(-3)). Suppose h + 0*x - 6 = 4*x, -4*h + 3*x + o = 0. Suppose -3*v = -2*u - 429, v = -3*v - h*u + 572. What is the tens digit of v?
4
Let o(d) = -d**3 + 11*d**2 - d + 13. Let p be o(11). What is the units digit of p/8*377 - (-27)/36?
5
Let m = 3737 + 4401. What is the units digit of m?
8
Suppose -4*m - 12 = 0, m - 72 = -5*v - 0*v. Suppose -30 = 10*n - v*n. What is the hundreds digit of (-12)/5*(n + (-752)/12)?
1
Let t = -59 - -63. Suppose -6*u = 5*s - 4*u - 184, -u = 5*s - 182. What is the hundreds digit of t - (-10232)/s - (-4)/(-18)?
2
Suppose 11*d - 2775 = -7835. Suppose 5*j - 5*b = -1360, 2*j - 3*b + 586 = 43. Let g = j - d. What is the tens digit of g?
8
Let q(h) = 1. Let t(p) = p**3 + 11*p**2 - 17*p - 7. Let u(z) = 4*q(z) - t(z). Suppose 9*d + 64 + 53 = 0. What is the hundreds digit of u(d)?
1
Let y = 38 - 49. What is the tens digit of -13 + 6 - y - 1004/(-2)?
0
Let f(y) = 19*y**3 + 7*y**2 - 11*y - 16. Let p(u) = -38*u**3 - 14*u**2 + 21*u + 31. Let s(r) = -5*f(r) - 3*p(r). What is the hundreds digit of s(3)?
5
Suppose 14*k - 27 = 43. Suppose 25 = -k*i, -3*n + i - 10 = -1443. What is the units digit of n?
6
Suppose 2*q - 2 = 4*q. Let y be (-69 - -27)/(q + (-5)/(-2)). What is the tens digit of y/2*(-9 - -1)?
1
What is the ten thousands digit of 6/45 - ((-49)/(-441) - 2699594/45)?
5
Let w be (-5 - -6) + 4 + 104 - 5. Let a be (1 + -1)/(3 + -1). Suppose a = -7*l + 3*l + w. What is the tens digit of l?
2
Suppose 0 = 5*l - o - 107, 10*l = 8*l + o + 41. What is the units digit of l?
2
Suppose 0 = 2*x + 3*x + 5. Let t be (-1)/(1*x/3). Suppose -k + 28 - 177 = -t*w, -4*k - 96 = -2*w. What is the tens digit of w?
5
Suppose 2*k - 2*t + 4 = 0, -36*t = -4*k - 40*t + 32. Suppose -4*j + 1196 = k*o - 2*o, o - 1197 = -3*j. What is the hundreds digit of o?
2
Suppose 10*t = -2 - 8. Let f be (-4)/(6 + -4)*t. Suppose 0*m = f*h + 3*m - 7, 0 = -5*h - m + 24. What is the units digit of h?
5
Suppose 3*y - 122 = -0*y - 4*l, 0 = 3*l - 15. Suppose f + 3*f = 4*d + 52, -y = 2*d + 2*f. What is the units digit of 6/d - 1256/(-40)?
1
Let b be ((-3)/(-3))/(20/400). Suppose -6677 = b*v - 16457. What is the tens digit of v?
8
Let o(q) = -46*q**3 + 6*q**2 + 11*q - 14. Let s(y) = 92*y**3 - 11*y**2 - 20*y + 27. Let z(h) = 7*o(h) + 4*s(h). What is the hundreds digit of z(3)?
2
Let a be 1*((-28 - -7) + 11). Let l(b) = -7*b - 7 + 4*b + 8*b**2 - 18*b**2 - 14*b - b**3. What is the hundreds digit of l(a)?
1
Let c = 3418 - -50142. What is the ten thousands digit of c?
5
Suppose 7 = -4*z - 2*l - 1, -3*z - 2*l = 5. Let n(j) = j**2 - j - 3. Let o be n(z). Let m(d) = -d**3 + 8*d**2 + 9*d + 16. What is the tens digit of m(o)?
1
Suppose -27*s = 14737 - 55453. What is the hundreds digit of s?
5
Suppose 8*h - 14*h = -30. Let t(b) = b**3 - 7*b**2 + 3*b - 4. Let w be t(h). Let r = 58 + w. What is the units digit of r?
9
Let x = 370 + -366. Suppose 0 = -x*k + 5*k + 2*s - 662, s = -5*k + 3292. What is the units digit of k?
8
Let j = -8607 - -9098. What is the tens digit of j?
9
Let t be -23 - (-12)/(-3 - -6). Let r = t - -21. Suppose 2*j = -n - 2*n + 243, -5*j = r*n - 151. What is the tens digit of n?
8
Suppose -2*z + 56 = -u, 4*u - 2 = 4*z - 122. Suppose 0 = 30*d - z*d. What is the units digit of (d - 2/(-4)) + (-3472)/(-32)?
9
Let y be (-84)/18*33*-11. Suppose 4*w = -t + 6*t - y, 0 = -w - 1. What is the units digit of t?
8
Let y(s) = 5*s**2 + 2*s**2 + 4*s**2 + 98 - 22*s**2 + 2*s + 17*s**2. What is the units digit of y(13)?
8
Let k(p) = -p**2 - 310*p + 2330. What is the thousands digit of k(-164)?
6
Suppose 39154 = 346*j - 344*j + 4*u, -3*j - 5*u + 58728 = 0. What is the units digit of j?
1
What is the thousands digit of ((-17683776)/864)/((-2)/3)?
0
Let p = 15664 + -1777. What is the units digit of p?
7
Suppose 4*u - 10076 = -t, 4*u = -240*t + 237*t + 30260. What is the thousands digit of t?
0
What is the ten thousands digit of ((-372438)/5)/(-3) + ((-2546)/(-95) - 26)?
2
Let w = 8569 - 4201. What is the tens digit of w?
6
Let i(l) = -l**3 - 8*l**2 + 82*l + 762. What is the tens digit of i(-9)?
0
Let f(s) be the second derivative of 1/12*s**4 + 5/6*s**3 + 0 - 8*s**2 + 10*s. What is the units digit of f(-10)?
4
What is the thousands digit of 11229780/(-315)*(-84)/216 + (-4)/(-54)?
3
Let h = -326 + 358. Suppose h*b + 8148 = 38*b. What is the tens digit of b?
5
Let h = -1316 - -2963. What is the units digit of h?
7
Suppose -4*x = -2*g - 428, 3*x = -0*x - 4*g + 299. Suppose 9*l - x = -1221. What is the tens digit of (6/(-2))/(4/l)?
9
Let y be ((16/(-32))/((-1)/446))/1. Let a = -393 + 660. Suppose 0 = 10*t - y - a. What is the units digit of t?
9
Suppose -10895 + 887 = 18*t. Let r = t - -841. What is the hundreds digit of r?
2
Suppose 5*a = -5*f + 1270, 0*f - 5*f + 1268 = 3*a. Suppose -m = r - 125, -4*m + 2*m + r = -f. What is the units digit of m?
6
Let d = 52887 - 31430. What is the units digit of d?
7
Let x(k) = k**2 + 2*k - 448. Let b be x(0). Let r = 838 + b. What is the tens digit of r?
9
Let p(b) = b**2 - 4*b + 28. Let m be p(-20). Suppose -22 = 6*k - m. What is the tens digit of k?
8
Let p(n) = 24*n - 174. Let x be p(9). What is the tens digit of 37926/x + (-2 - 0)?
0
Let s(o) = -63*o**3 + 2*o**2 - 4*o - 4. Let l be s(-2). Suppose -1824 = -3*g - l. What is the tens digit of g?
3
Suppose -34*w + 29*w + 3*m + 100054 = 0, m - 100062 = -5*w. What is the hundreds digit of w?
0
Let p = 175 - 155. Suppose -p*z = -15*z - 10005. What is the units digit of z?
1
Suppose -3*d + 4*d - 5*k - 6 = 0, 4*d - 3*k - 41 = 0. Suppose -g + d*g - 10 = 0. What is the tens digit of 25*g*(4 - -1 - 2)?
7
Suppose k + 2803 = 3*t - 2097, -6508 = -4*t - 5*k. What is the hundreds digit of t?
6
Let p(g) = -6*g - 30. Let i be p(-7). Suppose h = -i*h + 65. Suppose -5*z - w - w = -230, -h*z + w + 215 = 0. What is the tens digit of z?
4
Let q(a) = -a**3 + a. Let g(i) = -9*i**3 - 7*i**2 + 5*i + 4. Let r be (-2)/(-4) + (-3)/(-6). Let s(d) = r*g(d) - 6*q(d). What is the units digit of s(-4)?
8
Let x = 24379 - 13533. What is the hundreds digit of x?
8
Suppose -h + 1103 = 4*h + v, 4*v - 12 = 0. Suppose -h = -5*k + 430. What is the hundreds digit of k?
1
Suppose 0 = 12*t - 5928 - 5712. Suppose -c + 1465 = 4*s - s, -2*s = 2*c - t. What is the tens digit of s?
9
Suppose 5*f = 12 - 2. Suppose f*g = 0, 5*d - 2*d + 5*g - 453 = 0. Suppose 4*y + 147 = 4*v - y, -y - d = -4*v. What is the tens digit of v?
3
Let v be 6 - (7 + -3 + 0). Suppose -r - 2*r = 4*y - 480, v*y = -r + 242. Suppose h - 5*o = -0*o + 21, y = 3*h + 5*o. What is the tens digit of h?
3
What is the units digit of (-5815)/(-2) - 168/(-48)?
1
Let t = 7121 - 600. What is the tens digit of t?
2
Suppose a - 49961 = 3*j, -249805 = -4*a - a - 4*j. What is the units digit of a?
1
Suppose -89*k + 987228 = -8*k. What is the units digit of k?
8
What is the hundreds digit of 58702/5 + (-8)/20?
7
Let z(f) = 518*f**2 - 261*f + 1323. What is the hundreds digit of z(5)?
9
Let y(k) = -10*k**2 - 2*k + 16. Let c be y(-7). Let l = -296 - c. Let b = -94 + l. What is the units digit of b?
0
Let z = 107 - -230. Let g = z - -24. What is the tens digit of g?
6
Suppose -12*o = -10*o + 10, -3*q + 2336 = -4*o. Suppose q = v - 538. What is the thousands digit of v?
1
Let v(w) be the first derivative of 5*w**5/12 - 17*w**4/24 - 44*w**3/3 - 45. Let d(b) be the third derivative of v(b). What is the tens digit of d(5)?
3
Let j be (-4)/18 